9, 174491
What are the prime factors of 277505048?
2, 5827, 5953
What are the prime factors of 1226710732?
2, 13, 61, 386731
List the prime factors of 615309796.
2, 41, 109, 34421
List the prime factors of 62318753.
7, 17, 23, 22769
What are the prime factors of 38574892?
2, 9643723
What are the prime factors of 142864538?
2, 8221, 8689
What are the prime factors of 73544271?
3, 23, 37, 28807
List the prime factors of 4447342285.
5, 7481, 118897
List the prime factors of 384537686.
2, 13, 14789911
What are the prime factors of 1095971882?
2, 1223, 448067
What are the prime factors of 591666487?
17, 251, 138661
List the prime factors of 39172338.
2, 3, 19, 47, 2437
List the prime factors of 534251546.
2, 181, 1475833
List the prime factors of 278307444.
2, 3, 2341, 9907
What are the prime factors of 125500237?
53, 2367929
What are the prime factors of 31645113?
3, 743, 14197
What are the prime factors of 495653210?
2, 5, 13, 29, 73, 1801
List the prime factors of 35658104.
2, 4457263
What are the prime factors of 675923015?
5, 5903, 22901
What are the prime factors of 28676461?
11, 2606951
List the prime factors of 24011165.
5, 317, 15149
List the prime factors of 3540325289.
3540325289
What are the prime factors of 29582443?
11, 41, 67, 89
List the prime factors of 792486050.
2, 5, 67, 236563
List the prime factors of 24759418.
2, 383, 32323
What are the prime factors of 15587077?
11, 23, 61609
What are the prime factors of 25916252?
2, 83, 251, 311
List the prime factors of 4448810401.
7, 43, 2111443
List the prime factors of 1166384425.
5, 46655377
List the prime factors of 4252216417.
157, 1151, 23531
List the prime factors of 313230958.
2, 156615479
What are the prime factors of 66463800?
2, 3, 5, 13, 8521
List the prime factors of 330329996.
2, 82582499
What are the prime factors of 30863262?
2, 3, 17, 302581
What are the prime factors of 1396780159?
1396780159
What are the prime factors of 4070127000?
2, 3, 5, 1356709
What are the prime factors of 71319594?
2, 3, 463, 25673
List the prime factors of 77044517.
11, 31, 101, 2237
What are the prime factors of 510825373?
1663, 307171
What are the prime factors of 945122042?
2, 20771, 22751
What are the prime factors of 19919012?
2, 23, 317, 683
What are the prime factors of 6823947?
3, 13, 37, 4729
List the prime factors of 10000638.
2, 3, 41, 4517
List the prime factors of 206442506.
2, 103221253
List the prime factors of 294266855.
5, 17, 547, 6329
What are the prime factors of 20113080?
2, 3, 5, 13, 12893
What are the prime factors of 156342?
2, 3, 71, 367
What are the prime factors of 1461034540?
2, 5, 7, 37, 282053
What are the prime factors of 62550143?
2999, 20857
What are the prime factors of 75754428?
2, 3, 6312869
What are the prime factors of 18403315?
5, 7, 525809
List the prime factors of 482716081.
1433, 336857
List the prime factors of 704811578.
2, 1657, 212677
What are the prime factors of 3110831?
307, 10133
What are the prime factors of 3585750?
2, 3, 5, 7, 683
List the prime factors of 64079264.
2, 37, 54121
List the prime factors of 688081027.
593, 733, 1583
What are the prime factors of 110296693?
13, 8484361
List the prime factors of 156394012.
2, 39098503
List the prime factors of 4108040891.
401, 1571, 6521
What are the prime factors of 994787106?
2, 3, 37, 71, 63113
What are the prime factors of 118881977?
118881977
What are the prime factors of 927076621?
179, 5179199
List the prime factors of 1794599153.
19, 1217, 77611
List the prime factors of 503431205.
5, 163, 617707
What are the prime factors of 2371966183?
2971, 798373
List the prime factors of 821086953.
3, 313, 874427
What are the prime factors of 309542158?
2, 139, 1113461
List the prime factors of 98413570.
2, 5, 127, 77491
List the prime factors of 34316347.
13, 59, 44741
List the prime factors of 896253932.
2, 7, 29, 41, 26921
List the prime factors of 62006492.
2, 73, 131, 1621
List the prime factors of 262237220.
2, 5, 7, 43, 127
List the prime factors of 920334331.
7, 19, 6919807
List the prime factors of 131096118.
2, 3, 21849353
What are the prime factors of 38870765?
5, 79, 98407
What are the prime factors of 701154806?
2, 11, 31870673
What are the prime factors of 1520619446?
2, 6917, 109919
What are the prime factors of 659357634?
2, 3, 13, 271, 31193
What are the prime factors of 2401916685?
3, 5, 7, 1093, 20929
List the prime factors of 112557060.
2, 3, 5, 7, 11, 2707
List the prime factors of 455139877.
455139877
What are the prime factors of 72497412?
2, 3, 13, 97, 1597
List the prime factors of 3825719104.
2, 59776861
List the prime factors of 194304093.
3, 61, 1061771
What are the prime factors of 842794728?
2, 3, 1747, 20101
List the prime factors of 184412766.
2, 3, 983, 31267
List the prime factors of 251575529.
61, 4124189
List the prime factors of 133397305.
5, 26679461
List the prime factors of 35745816.
2, 3, 1489409
What are the prime factors of 530007488?
2, 8281367
What are the prime factors of 198144846?
2, 3, 53, 69233
What are the prime factors of 81197949?
3, 7, 587, 941
List the prime factors of 117102808.
2, 353, 41467
What are the prime factors of 723565062?
2, 3, 11, 135347
What are the prime factors of 134499524?
2, 47, 715423
List the prime factors of 32921536.
2, 514399
What are the prime factors of 1717185481?
11, 71, 2198701
List the prime factors of 166919101.
53, 1013, 3109
List the prime factors of 46327458.
2, 3, 41, 188323
What are the prime factors of 330892976?
2, 20680811
What are the prime factors of 5368303559?
5368303559
List the prime factors of 13901608.
2, 7, 248243
List the prime factors of 11488108.
2, 2872027
List the prime factors of 1054204026.
2, 3, 53, 3315107
List the prime factors of 64427187.
3, 11, 1952339
What are the prime factors of 3626881875?
3, 5, 127, 5077
List the prime factors of 22350553.
37, 604069
List the prime factors of 703114598.
2, 677, 519287
List the prime factors of 147676816.
2, 7, 19, 29, 2393
List the prime factors of 83789042.
2, 653, 64157
What are the prime factors of 45343866?
2, 3, 71, 106441
List the prime factors of 5473958.
2, 7, 71, 5507
What are the prime factors of 1045323539?
13, 131, 613813
List the prime factors of 21449110.
2, 5, 23, 93257
What are the prime factors of 3663931224?
2, 3, 29, 5264269
What are the prime factors of 284406083?
13, 79, 276929
What are the prime factors of 2100193451?
41017, 51203
What are the prime factors of 559356083?
11, 13, 17, 43, 5351
What are the prime factors of 825734347?
2267, 364241
What are the prime factors of 385233957?
3, 17, 2517869
What are the prime factors of 953274222?
2, 3, 137, 571, 677
List the prime factors of 43348737.
3, 3727, 3877
List the prime factors of 928132169.
2897, 320377
What are the prime factors of 75063744?
2, 3, 7, 18617
List the prime factors of 475813088.
2, 191, 77849
What are the prime factors of 504398234?
2, 23, 10965179
What are the prime factors of 793485846?
2, 3, 17, 2593091
What are the prime factors of 690647725?
5, 43, 67, 223
List the prime factors of 112820263.
112820263
What are the prime factors of 78715069?
43, 1830583
List the prime factors of 1202768014.
2, 7, 12273143
List the prime factors of 265864991.
7, 37980713
List the prime factors of 614963559.
3, 7, 17, 1722587
What are the prime factors of 33190606?
2, 19, 873437
What are the prime factors of 68972208?
2, 3, 29, 49549
What are the prime factors of 1577223639?
3, 9371, 18701
List the prime factors of 225312099.
3, 941, 79813
What are the prime factors of 62088389?
11, 5644399
What are the prime factors of 3658161682?
2, 7, 261297263
List the prime factors of 38818971.
3, 4313219
What are the prime factors of 5185970404?
2, 1296492601
List the prime factors of 1353108.
2, 3, 112759
What are the prime factors of 2184357095?
5, 2069, 211151
List the prime factors of 9140985.
3, 5, 7, 17, 569
What are the prime factors of 668854962?
2, 3, 937, 13219
List the prime factors of 204776523.
3, 7, 3250421
List the prime factors of 1851042.
2, 3, 308507
What are the prime factors of 42788198?
2, 503, 42533
List the prime factors of 43095111.
3, 821, 17497
What are the prime factors of 168692550?
2, 3, 5, 13, 86509
What are the prime factors of 402130861?
11, 36557